est common divisor of x and 12?
6
Suppose -2*a - 3*i - 91 = -444, 5*a - 910 = -2*i. Let k = 41 + a. What is the highest common factor of 25 and k?
25
Let p = 2 + 21. Calculate the highest common divisor of p and 253.
23
Suppose 0 = -4*j + 7*j - 45. Calculate the greatest common divisor of 15 and j.
15
Let m(s) = 48*s**2 + s + 1. Let v be m(-1). Let n = v + 16. What is the highest common divisor of n and 8?
8
Suppose 3*d - 4 = d. Suppose b - 60 = -d*b. Calculate the highest common divisor of 50 and b.
10
Suppose 0*r - r = -100. Let x(t) = 5*t**2 + 2 + 2*t**3 + 3*t - 3*t**3 + 3. Let k be x(5). What is the highest common factor of r and k?
20
Suppose 3 = j + 1. Let s be j/4 + (-55)/(-2). Calculate the highest common factor of s and 4.
4
Let l be -7 - -10 - (1 + -8). Let h = -18 - -43. What is the highest common divisor of h and l?
5
Let x = 2 + 1. Suppose 4*i - x*i = 3. Suppose -57 + 300 = i*k. What is the highest common divisor of k and 9?
9
Suppose -2*n = 3*s + 1, -n + 3*s = 2 - 24. Let w be (-2 - 2)/(-1) + 0. Let r be (5/w)/(2/56). What is the greatest common divisor of n and r?
7
Suppose -5 = 2*m + 5*s, 0 = -3*m - 2*s + 9 - 0. Suppose 2*i - u - u = 118, 0 = -i + m*u + 43. Calculate the highest common divisor of 7 and i.
7
Let s be (-99)/(-12) + 3/4. Let f(g) = -11*g. Let k(d) = -12*d. Let q(c) = 4*f(c) - 3*k(c). Let z be q(-9). What is the highest common factor of z and s?
9
Suppose 40 = 5*c + 2*w, 3*w + 7 = 5*c - 8. Let o(u) = u**3 - 1 + 3 - 5 + 0*u**2 - 5*u**2 - 4*u. Let k be o(c). Calculate the highest common factor of 6 and k.
3
Let g = 3 + 0. Let u(s) = -s + 12. Let b be u(11). What is the highest common factor of g and b?
1
Let f be (-6)/((-3)/(-1))*-1. Let w be (2 + f*-1)/2. Suppose 4*a - 43 + 15 = w. Calculate the highest common factor of a and 1.
1
Suppose 0 = -d - 3*d + 120. Suppose 3*x + s = 7, -3*x = 2*x - 2*s - d. Calculate the highest common factor of x and 20.
4
Let b(m) = -2*m**2 + m - 1. Let v be b(1). Let r be 1673/28 - v/8. What is the greatest common divisor of 12 and r?
12
Let h be 3/(6/140) - -3. Let x = 24 + 81. Let l = x - h. Calculate the greatest common divisor of l and 4.
4
Let h be 4*(-1 - 17/(-4)). Calculate the highest common factor of 104 and h.
13
Let s(p) = -p**2 - 7*p + 1. Let o be s(-7). What is the highest common factor of o and 1?
1
Let m(x) = 2 + 2 - 6 + 6*x - x**2. Let f be m(5). What is the greatest common divisor of f and 12?
3
Let u be (72/6*-1)/((-4)/10). Calculate the highest common factor of 30 and u.
30
Suppose 0 = 2*l + l + 3*b - 12, 0 = 4*l + 3*b - 14. Let o = -13 + 8. Let w = 13 + o. Calculate the greatest common divisor of w and l.
2
Let f = 116 - 74. Calculate the greatest common factor of 378 and f.
42
Suppose -6*h + h = 0. Suppose -1 = -i - h. Suppose -2*o + 3*g + 6 = 0, -g = 5*o - 2 - 47. Calculate the highest common factor of i and o.
1
Let s = 15 + -13. Calculate the highest common divisor of 6 and s.
2
Suppose 10 = -4*p - p. Let x = 1 + p. Let n be x*1*-39 - -1. What is the greatest common divisor of n and 16?
8
Let m be (-4)/(-2)*(-39)/(-6). Suppose 4*t = 7 + m, -3*y + 8 = -2*t. What is the greatest common divisor of 6 and y?
6
Let z = -1 + 19. What is the highest common factor of 6 and z?
6
Let m(d) be the second derivative of -d**3/6 + 6*d**2 + d. Let s be m(9). Calculate the greatest common factor of 21 and s.
3
Suppose -2*i - i - 42 = 0. Let t = i + 18. Calculate the greatest common factor of 4 and t.
4
Let i(g) = -17*g + 4. Let q be 3/(-2)*(-1 - -3). Let s be i(q). Suppose -3*v + 29 = -3*d - 61, 2*v - 3*d = s. What is the greatest common divisor of 5 and v?
5
Suppose 0 = 8*t - 134 - 42. Calculate the highest common divisor of t and 33.
11
Suppose -5*d - 135 = -3*k - 2*d, 0 = 5*k + 5*d - 215. What is the highest common factor of k and 55?
11
Let a = 10 - 13. Let j be 11/(a/(-6)*2). What is the highest common divisor of 1 and j?
1
Let t = 31 - 11. Suppose 6*r - t = r. Suppose -r*s + 433 = 93. What is the highest common factor of 17 and s?
17
Suppose 50 + 46 = 3*d. What is the highest common divisor of d and 32?
32
Let m(j) = -j - 6. Let t be m(-5). Let v(i) = i - 1. Let b be v(1). Let p be (-4)/((t - b)/2). Calculate the highest common factor of 16 and p.
8
Let f be (-22)/(-3) - (-7)/(-21). Let q be (140/6)/(f/21). What is the highest common factor of 10 and q?
10
Let u = -5 + 82. What is the greatest common factor of u and 7?
7
Let o be (2/(-6))/((-3)/36). Let u be ((-3)/(-3) - 0)*2. Suppose x = 2*x + 2*b + u, -3*b = 6. What is the greatest common factor of o and x?
2
Let k = 48 + -30. Let y be 9/15 + (-12)/(-5). Suppose -5*l - 5*n = -40, n - 20 = -6*l + y*l. What is the greatest common divisor of k and l?
6
Let c(r) = 7*r - 20. Let t be c(10). Calculate the greatest common divisor of t and 10.
10
Let j be (-3)/2*(-5 + 3). Let k be (j - (-3)/(-6))*18. Suppose 5*u + q - 44 = 2*q, 30 = 3*u + 3*q. Calculate the highest common factor of k and u.
9
Let h = -27 - -31. What is the highest common divisor of h and 36?
4
Let x(d) = -d + 9. Let w be x(-8). Let a = 61 - -126. What is the greatest common divisor of w and a?
17
Suppose 13 + 2 = 3*v. Let q be (1/2)/(v/150). Calculate the greatest common factor of 30 and q.
15
Suppose 3 = v - 11. Suppose 0 = -k + 4*k - 12. Suppose -247 = -2*h + i, -i = -k*h + 422 + 77. What is the greatest common factor of h and v?
14
Let a be 1*10/2 - -2. What is the highest common divisor of a and 56?
7
Let d be 2/11 - (-5492)/44. What is the greatest common factor of d and 50?
25
Suppose n - 38 = -n. Suppose -4*f + n = -5. Calculate the greatest common divisor of f and 54.
6
Suppose -2*h - 3*k = -24 + 4, 2*k + 30 = 3*h. What is the highest common factor of h and 5?
5
Suppose -4 = -0*s - s. Suppose -143 = 3*r - s*r. What is the greatest common divisor of r and 13?
13
Suppose 4*l - 614 = -j, -3*j = -j + 4. Let r(z) = -5*z - 21. Let t be r(-7). Calculate the highest common divisor of l and t.
14
Let p(o) = o**3 + 15*o**2 + 10*o + 8. Let b be p(-12). Suppose 26 - b = -3*f. Calculate the greatest common factor of 14 and f.
14
Suppose 0 = 5*q - 2*q - 12. Suppose q*j = -0*h - 3*h + 37, 5*j - 49 = -h. What is the highest common factor of j and 40?
10
Let p(v) = 3*v**2 - 5*v + 70. Let z be p(0). Let q be (28/(-6))/(2/(-6)). Calculate the greatest common divisor of q and z.
14
Let a(g) = -5*g + 4*g + 8*g - g**2. Let p(t) = t**2 - 7*t - 3. Let s be p(8). Let j be a(s). Calculate the greatest common factor of j and 90.
10
Let t = -33 + 64. Suppose 0 = -5*d + c + 40 + 31, -2*d + 3*c + t = 0. What is the greatest common factor of d and 98?
14
Suppose 12*f - 4*f = 96. What is the greatest common divisor of f and 48?
12
Let z(r) = -r**3 + 6*r**2 + 8*r + 7. Let i = -19 + 26. Let g be z(i). What is the highest common factor of g and 112?
14
Let x be (147/(-42))/(2/(-4)). What is the greatest common factor of 56 and x?
7
Let m = -20 - -11. Let a(l) = -2*l. Let f be a(m). Let b be f - (-6)/(-3)*1. What is the highest common divisor of 2 and b?
2
Suppose -y - 5*q = 16, -5*q = -6*q - 4. Let h = 31 - 15. Calculate the greatest common divisor of y and h.
4
Suppose u + 3*z - 7*z = 17, -5*z = 3*u - 51. Suppose -7*r + 25 = -2*r. Suppose 0*a + r*a - 85 = 0. What is the greatest common divisor of u and a?
17
Suppose 3*g = -5*g + 304. Calculate the greatest common divisor of 133 and g.
19
Suppose -j = 0, 12 = 2*k - 0*k + j. Suppose 5 + 1 = -3*h. Let w be h/(-4) + 35/10. Calculate the highest common factor of w and k.
2
Suppose -2*h + 72 = 2*h. Suppose -2*k - 11 = 5. Let l be -135*-1*k/(-6). What is the greatest common divisor of l and h?
18
Let f(y) = -y + 1. Let b be f(-6). Let m = b - -7. What is the highest common divisor of 112 and m?
14
Let l be (2 + -1)/((-3)/111). Let y = 79 + l. Let b(c) = 2*c**2 - 2*c + 4. Let o be b(-3). Calculate the greatest common factor of o and y.
14
Let c(l) = -l**3 + 12*l**2 + 13*l + 5. Let h be c(13). Suppose 5*v = -h*z + 375, 4*v - 5*z = -3*z + 312. What is the highest common divisor of v and 11?
11
Suppose 3*v - 138 = t, 147 = 3*v - t + 3*t. Calculate the greatest common divisor of v and 47.
47
Let m = -58 + 68. What is the greatest common factor of m and 4?
2
Let a be 7/(-14) - (-11)/2. Suppose -l + 9 = 3*s, -6*s + s + 45 = a*l. What is the greates